n factor of 17834 and 399578?
482
What is the greatest common divisor of 17514 and 6552?
126
Calculate the greatest common divisor of 422385 and 10005.
435
What is the highest common divisor of 90 and 868302?
18
What is the greatest common factor of 6771 and 1647?
183
Calculate the highest common divisor of 2143556 and 662.
662
What is the highest common divisor of 72 and 9036?
36
Calculate the greatest common divisor of 233485 and 953.
953
What is the highest common divisor of 2516 and 58312?
148
Calculate the greatest common divisor of 54 and 109704.
6
What is the greatest common divisor of 3432 and 76296?
264
Calculate the highest common divisor of 160394 and 182.
26
What is the greatest common divisor of 159205 and 935?
85
Calculate the highest common divisor of 28630 and 105.
35
Calculate the highest common factor of 6 and 3184368.
6
What is the highest common divisor of 38 and 179721?
19
What is the highest common divisor of 3066050 and 1300?
650
What is the greatest common factor of 1105 and 25467?
13
Calculate the greatest common divisor of 61 and 149267.
61
Calculate the highest common factor of 1110245 and 13980.
1165
What is the highest common factor of 572 and 819676?
572
What is the highest common factor of 302 and 92261?
151
What is the highest common divisor of 101 and 82921?
101
Calculate the greatest common factor of 5264 and 420.
28
Calculate the highest common divisor of 2938 and 208.
26
What is the greatest common factor of 276 and 1264264?
92
What is the greatest common factor of 2015 and 6240?
65
What is the greatest common factor of 561175 and 25?
25
Calculate the highest common divisor of 9701 and 218.
109
What is the greatest common divisor of 13370 and 210?
70
What is the highest common divisor of 1764 and 14847?
147
Calculate the greatest common factor of 931 and 1463.
133
Calculate the greatest common factor of 16 and 2108.
4
What is the highest common factor of 44 and 34724?
4
Calculate the highest common factor of 41140 and 8925.
85
What is the greatest common factor of 44 and 123748?
4
What is the highest common divisor of 1940 and 73180?
20
What is the highest common factor of 1144 and 2171?
13
Calculate the highest common divisor of 30525 and 45.
15
Calculate the greatest common factor of 693 and 2156.
77
What is the greatest common factor of 14344 and 64?
8
What is the highest common divisor of 147987 and 20979?
567
What is the highest common divisor of 28662 and 153?
51
What is the greatest common factor of 10829 and 349027?
833
What is the greatest common factor of 26 and 524849?
13
Calculate the highest common factor of 570 and 3242.
2
What is the greatest common factor of 255931 and 208?
13
Calculate the greatest common factor of 164880 and 360.
360
What is the highest common divisor of 11999 and 7098?
169
Calculate the highest common factor of 293851 and 1371.
457
Calculate the greatest common divisor of 12 and 481056.
12
What is the greatest common divisor of 6831 and 183195?
621
What is the greatest common factor of 72 and 114291?
9
Calculate the greatest common divisor of 17625 and 1875.
375
Calculate the greatest common factor of 5632 and 18496.
64
What is the greatest common factor of 136 and 11122624?
136
Calculate the highest common divisor of 10822862 and 1459.
1459
What is the greatest common divisor of 66 and 250338?
66
What is the greatest common divisor of 1689 and 453?
3
Calculate the greatest common divisor of 117449 and 15420.
257
What is the greatest common divisor of 748 and 23409?
17
Calculate the highest common divisor of 81 and 4329.
9
What is the greatest common factor of 6 and 62439?
3
What is the highest common divisor of 3074 and 424?
106
What is the highest common factor of 8491 and 532?
7
Calculate the greatest common factor of 8626 and 114.
38
Calculate the greatest common divisor of 23896 and 24720.
824
What is the highest common divisor of 2583 and 45?
9
Calculate the highest common factor of 6 and 866.
2
Calculate the greatest common factor of 15 and 104805.
15
Calculate the greatest common divisor of 58203 and 319.
29
What is the greatest common divisor of 952 and 1988?
28
Calculate the greatest common divisor of 77427 and 42.
21
Calculate the highest common divisor of 252360 and 36.
36
What is the greatest common divisor of 7242163 and 409?
409
Calculate the highest common divisor of 46784 and 6106.
86
What is the highest common factor of 412 and 20806?
206
What is the highest common divisor of 837446 and 2718?
302
Calculate the highest common factor of 20885435 and 17.
17
Calculate the highest common factor of 143800 and 6200.
200
Calculate the greatest common divisor of 3713 and 81370.
79
What is the greatest common divisor of 112102 and 138?
46
Calculate the greatest common factor of 1768 and 34816.
136
Calculate the highest common factor of 244 and 307501.
61
Calculate the highest common factor of 143608 and 116.
116
What is the greatest common divisor of 8 and 329612?
4
What is the greatest common factor of 2860 and 563030?
130
What is the greatest common factor of 266880 and 200?
40
Calculate the greatest common divisor of 24648 and 754.
26
What is the greatest common factor of 1323 and 576?
9
Calculate the greatest common divisor of 9152 and 2624.
64
Calculate the highest common divisor of 826 and 234878.
14
Calculate the greatest common factor of 267 and 12905.
89
Calculate the highest common divisor of 8879 and 13.
13
Calculate the greatest common factor of 2556 and 945.
9
What is the highest common factor of 135 and 2241?
27
Calculate the highest common divisor of 459 and 60435.
153
Calculate the highest common factor of 15392 and 7312.
16
What is the greatest common divisor of 23 and 1954816?
23
Calculate the greatest common factor of 330184 and 16.
8
What is the highest common divisor of 4669 and 15631?
203
What is the greatest common divisor of 2723 and 945?
7
What is the highest common factor of 4087410 and 75?
15
What is the greatest common factor of 10540 and 41540?
620
Calculate the greatest common divisor of 5986 and 4526.
146
Calculate the greatest common divisor of 27001 and 26.
13
What is the highest common divisor of 475 and 209?
19
Calculate the highest common factor of 256247 and 604.
151
Calculate the greatest common divisor of 495 and 2865555.
495
What is the highest common divisor of 36125 and 625?
125
Calculate the greatest common factor of 66 and 5832.
6
Calculate the highest common factor of 17304 and 2016.
168
Calculate the highest common factor of 2281 and 49.
1
Calculate the highest common factor of 5742 and 78822.
522
What is the greatest common factor of 1734 and 4752?
6
What is the greatest common divisor of 25781 and 4263?
203
What is the greatest common divisor of 45154 and 214?
214
Calculate the highest common divisor of 2091 and 134070.
123
Calculate the highest common divisor of 72742 and 8847.
983
Calculate the highest common factor of 89473 and 131.
131
What is the greatest common divisor of 147 and 403851?
21
Calculate the highest common factor of 9 and 13309.
1
Calculate the greatest common factor of 5038374 and 1746.
582
What is the greatest common factor of 1751103 and 927?
927
What is the greatest common factor of 440 and 364639?
11
Calculate the greatest common divisor of 12346 and 244.
2
Calculate the highest common divisor of 1 and 7443.
1
What is the greatest common factor of 35 and 18949?
7
What is the greatest common factor of 1067 and 49470?
97
Calculate the greatest common factor of 22 and 1262.
2
What is the highest common factor of 2235 and 72015?
15
What is the greatest common factor of 11315 and 2759?
31
What is the highest common factor of 67048 and 696?
232
Calculate the highest common divisor of 2961 and 517.
47
What is the highest common factor of 405 and 531?
9
What is the highest common factor of 74558 and 44?
22
Calculate the highest common factor of 2890 and 83232.
578
Calculate the greatest common factor of 872 and 472.
8
What is the greatest common divisor of 263 and 336377?
263
What is the greatest common divisor of 292974 and 264?
66
What is the greatest common factor of 11 and 2402675?
11
What is the highest common factor of 5406 and 62934?
102
Calculate the highest common factor of 27 and 2735694